2, 3, 7
Suppose -3*g - 4*z = 182, -9*g + 14*g - 5*z = -245. What are the prime factors of (5 + (-5 - 20))/(2/g)?
2, 3, 5
Suppose 0 = -2*w - w + 525. Suppose -3*i = -4*i + w. Let v = -33 + i. List the prime factors of v.
2, 71
Let j(g) = g**3 + 10*g**2 - 2*g - 14. Let o be j(-10). Suppose 0 = 6*x - 4*x + 5*t - 13, o = x + 3*t. What are the prime factors of x?
3
Let f = -17142 - -20498. List the prime factors of f.
2, 839
Let g = 269 + -155. Suppose -3*i + 42 = -g. Suppose -k = -5*k + i. What are the prime factors of k?
13
Let s be (-11 + (-759)/(-77))/((-2)/14). What are the prime factors of (224/(-49) + s)/((-2)/(-56))?
2, 3
Let d = 30 + 10. Let o = d + -46. What are the prime factors of (-452)/o + 32/48?
2, 19
Let c be (-7)/(119/(-2)) + (-10)/85. Let v(w) = -w**2 - 5*w + 328. List the prime factors of v(c).
2, 41
List the prime factors of (1868/18 - 80/180)/((-2)/(-108)).
2, 3, 5, 31
Let u(d) be the third derivative of d**4/6 + 2*d**3 + 18*d**2. Let q be u(-3). Suppose -l - 4*p = -p - 156, q = -2*l + p + 284. What are the prime factors of l?
2, 3
Suppose -10*q = -9*q + l - 2081, -2111 = -q + 5*l. Let h = -1288 + q. What are the prime factors of h?
2, 3, 7, 19
Suppose 3*a + 65 = y - 2*a, 3*y + 3*a - 141 = 0. Suppose 0 = 36*x - y*x + 5292. What are the prime factors of x?
2, 3, 7
Suppose 4*v = -2*n - 72, 6*n - 2*n + 105 = 5*v. Let i be (19 + (-2)/2)/(n + 29). List the prime factors of i/12*(-16)/12.
2
Let d = 567 - 583. Suppose n - 2*n = -72. Let b = n - d. List the prime factors of b.
2, 11
Let w(g) = 24*g**3 + g**2 - 2*g. Let x be w(1). Suppose 292 = x*j - 536. List the prime factors of j.
2, 3
Let h be 2 - (-2 - (-130)/(-5)*-1). Let r = h - -1426. What are the prime factors of r?
2, 3, 13
Suppose -4*z + 8*z - 266 = 2*g, 0 = 4*z + 3*g - 241. Let b = 15 + z. What are the prime factors of b?
79
Suppose -14*p = 2*p + 480. Let i be 7/6 + -1 - 115/p. Suppose -d - i = 0, -2*z + 174 = -0*d + 2*d. List the prime factors of z.
7, 13
Let o = 126 + -164. What are the prime factors of ((-1843)/o)/((-1)/(-2))?
97
Suppose 10*w - w - 1359 = 0. Let v be -17 + 18 + 4*w/(-2). List the prime factors of (-1)/6 - v/6.
2, 5
Suppose 5*k = 4*t - 16483, 7*k = -23*t + 19*t + 16543. List the prime factors of t.
4127
Let r = 183 + -179. Let b(n) = 199*n - 57. What are the prime factors of b(r)?
739
Let y(x) = 22*x**2 + 6*x + 11. Let n(z) = -z**2 - z. Let l(h) = 6*n(h) + y(h). List the prime factors of l(-4).
3, 89
Let i = 1674 - 1683. Let g(w) be the first derivative of w**3 + 5*w**2 - 15*w + 1. List the prime factors of g(i).
2, 3, 23
Let z = 124 - 108. Let j = 33 - z. Suppose q = 3*i - 5*i + 20, -i = q - j. List the prime factors of q.
2, 7
Suppose 6*t = 2*t + 8. Suppose 3*m - 14 = 4*c + 16, t*c = m - 10. Suppose -9*k - 80 = -m*k. What are the prime factors of k?
2, 5
Suppose 0 = 4*b + s - 10552, b - 5*b + 4*s = -10572. Suppose -26*n - 507 + b = 0. List the prime factors of n.
2, 41
Let g(v) = 15 - 3*v**2 - 17 + v**3 - 3*v**2 - 2*v**2. Let b be g(8). Let j(s) = -16*s**3 + s**2 + s - 3. What are the prime factors of j(b)?
127
Let m be (4*(-4294)/12)/((-10)/(-15)). Let j = 3694 + m. List the prime factors of j.
7, 13, 17
Let n = 6 + -13. Let s = n + -5. List the prime factors of (2/(-3) - 20/s)*33.
3, 11
Suppose -4*c = 3*t + c - 2846, 4*t - 3*c = 3785. Suppose 0 = 2*x + 4, 5*s + x + 3*x = t. List the prime factors of s.
191
Let y = 18648 - 12173. List the prime factors of y.
5, 7, 37
Let z(n) = 5*n**2 - 41*n - 94. Let a be z(23). Let l = 2253 - a. List the prime factors of l.
3, 5, 43
Suppose -6*p + 8 = 8. Suppose 12*a + 864 + 1092 = p. Let x = a + 340. What are the prime factors of x?
3, 59
List the prime factors of 5 - 189/28 - (-95439)/4.
2, 79, 151
Suppose 24*m - 1321 = 1919. Suppose m*y - 133*y - 1864 = 0. List the prime factors of y.
2, 233
Let k be (-18)/(-3)*(-2)/(-4) + 449. Suppose 0 = -0*x + 2*x - k. Suppose -5 = -z, p + z + 41 = x. List the prime factors of p.
2, 3, 5
Suppose -16*p + 11*p + 154503 = 32*f, 0 = -2*p + 2*f + 61890. What are the prime factors of p?
3, 10313
Suppose -5*x + 16*x + 0*x = 0. Let k(n) = n - 67 + n + 210 - n. List the prime factors of k(x).
11, 13
Suppose -11*p + 7*p + 12 = 0. Suppose 2*y = 3*z + 271, -6*z = p*y - 3*z - 414. Let t = y - 50. What are the prime factors of t?
3, 29
Suppose -4*q - 11 - 21 = 0. Let f be 0*4/(q*1). Suppose 52*v - 49*v - 300 = f. What are the prime factors of v?
2, 5
Suppose d - 40114 - 41326 = -9*d. List the prime factors of d.
2, 509
Let n(z) = 429*z + 573. List the prime factors of n(3).
2, 3, 5, 31
Suppose 2*l + 5*j = 14659, 5*j - 4*j - 36705 = -5*l. List the prime factors of l.
2, 3671
Suppose 81731 - 59355 = -147*u + 1034618. List the prime factors of u.
2, 11, 313
Let d(c) be the first derivative of 3*c**2/2 - 12*c + 10. Let s be d(-12). Let l = s - -193. List the prime factors of l.
5, 29
Suppose 2*f - 3*x = 138750, 0 = 282*f - 279*f - 2*x - 208125. List the prime factors of f.
3, 5, 37
Let c(b) = -b**2 + 26*b - 84. Let s(y) = -4*y - 57. Let o be s(-18). What are the prime factors of c(o)?
3
Let z(q) = -q**2 + 42*q - 81. Let b be z(2). List the prime factors of (b - 2 - -6)*(-244)/(-4).
3, 61
What are the prime factors of 961/(-4)*(22 + -29 - 33)?
2, 5, 31
Let f(b) = -b**3 + 11*b**2 - 3*b + 5. Suppose 4*x + 4*g + g = -9, -33 = -2*x + 5*g. Let d be -1 + 10 - 2/x*8. List the prime factors of f(d).
2, 5, 7
Let c be 6765/18 + (-20)/(-120). Suppose 5*v + 2265 = 5*d, -3*d - 4*v = -c - 976. List the prime factors of d.
2, 113
Suppose 14*k = 15*k + d - 1, -3*d = -k + 9. Suppose -2*w = -5*x + 1390, 2*w + 834 = k*x + 4*w. List the prime factors of x.
2, 139
Let c be 8 - (6/5)/(16/40). Let l(t) = t**3 - 8*t + 10. List the prime factors of l(c).
5, 19
Suppose 3*o + 4*u - 61 = 6*u, 2*u + 82 = 4*o. What are the prime factors of 36/126 + (-1 - (-17403)/o)?
2, 3, 23
Let b(x) = x**3 + 2*x**2 - 10*x - 5. Let p be b(-4). List the prime factors of (-1)/(p/(-49))*(23 - 20).
7
Suppose 153315 = -149*i + 152*i - 3*g, 204420 = 4*i + 3*g. What are the prime factors of i?
3, 5, 3407
Let u(v) = -v**2 + 5. Let l be u(-13). Let y = l + 280. What are the prime factors of y?
2, 29
Let w(x) = 5*x**2 - 4*x - 3. Let r be w(-1). List the prime factors of r + 0 + (10 - -231).
13, 19
Let s(n) = -52*n**3 + 7*n**2 + 15*n + 113. List the prime factors of s(-7).
13, 1399
Let d(f) = -5*f + 5. Let w(z) = -4*z + 4. Let x(n) = 5*d(n) - 6*w(n). Let i be x(-7). List the prime factors of 78 - 12/i*4/(-3).
2, 5
Let w be ((-7)/((-21)/(-12)))/(-1). Suppose 5*b + 3 = w*o - 2, 2*o - 4*b - 4 = 0. Suppose 5*r - 84 - 141 = o. What are the prime factors of r?
3, 5
Let o be (-70)/(-4)*-2*24/(-40). Suppose 2*g = 35 + o. What are the prime factors of g?
2, 7
Let j = 0 + -5. Let t be ((-196)/(-8))/(j/(-2) - 2). Suppose 0 = -a + 146 - t. List the prime factors of a.
97
Let i(x) = -3*x**3 - 9*x**2 - 11*x - 7. Let z be i(-7). Suppose -11*p + z = -3302. List the prime factors of p.
2, 3, 5
Let u(m) = 16*m**2 - 2*m + 3. Let c be (3 - (-230)/8) + 1/4. Suppose -88 = 14*s - c. What are the prime factors of u(s)?
3, 89
Let f(h) = h - 3. Let k be f(3). Let y(a) = -16*a**2 - 2*a - 312. Let q(b) = -9*b**2 - b - 156. Let o(d) = 7*q(d) - 4*y(d). What are the prime factors of o(k)?
2, 3, 13
Let m(c) = -23*c**3 + 17*c**2 + 21*c + 6 - 7*c + 13*c**3 + 11*c**3. Let h = -11 + -5. List the prime factors of m(h).
2, 19
Suppose -9*q - 2*q + 792 = 0. Let l = q + 446. Suppose 2*y - l = -102. What are the prime factors of y?
2, 13
List the prime factors of 303120/147 - (-10)/(-245).
2, 1031
Suppose -5*v + i + 3037 = -2029, -5*v - i + 5074 = 0. Let k = v + -342. Let d = -460 + k. List the prime factors of d.
2, 53
Let z be (4 - -1)*(-7)/(-42)*6. Suppose -z*v + 11 = -4. List the prime factors of (v/(9/(-31)))/((-2)/12).
2, 31
Let j(u) = -10*u**3 + 24*u**2 + 100*u + 134. What are the prime factors of j(-13)?
2, 5, 11, 113
What are the prime factors of 2993 - ((-2)/(-5) - ((-954)/90 - -12))?
2, 3, 499
Let b(c) = c**2 - 18*c - 35. Let j be b(15). Let q = j + 166. What are the prime factors of q?
2, 43
Let u(c) = 2*c**3 - c - 22. Let h be u(0). Let z = h - -63. Let r = 61 - z. What are the prime factors of r?
2, 5
What are the prime factors of 3/(-15) + (-7468167)/(-435)?
2, 29, 37
Let l 